ive of w**4/8 - 5*w**3/6 + w**2. Let i be 4 + -2 + (-4)/(-2). Is g(i) a prime number?
True
Suppose 0 = -k - 0 - 15. Let p = -336 - -226. Let g = k - p. Is g prime?
False
Suppose p - 4*f = 49, -2*p + 3*f = 2*f - 70. Let d(o) = 82*o - 4. Let l be d(2). Let i = l - p. Is i prime?
True
Let a(w) be the second derivative of -w**3/2 + 3*w**2 + 2*w. Let i be a(-5). Suppose v + i = 2*v. Is v a composite number?
True
Suppose -5*s - 14 = -59. Let i(d) = -7*d - 4 - 2*d**2 - 3*d**2 + 6*d**2. Is i(s) a composite number?
True
Suppose 181 = 4*y + 1. Suppose -3*t = -y - 66. Is t a composite number?
False
Is 10 - -4*12/(-16) a composite number?
False
Let r be 2/((-26)/(-8) - 3). Let f(k) = 2*k - 5. Is f(r) a prime number?
True
Let v(y) be the second derivative of -5*y**5/8 - y**4/24 - y**3/2 + 2*y. Let m(p) be the second derivative of v(p). Is m(-1) prime?
False
Suppose -3*j - j + 3*f = -1656, -j + 4*f + 427 = 0. Suppose 2*s = 203 + j. Is s prime?
True
Let y = 115 + -228. Is -4 - (-2 + 0) - y a composite number?
True
Suppose 0*u = 6*u - 8412. Is u composite?
True
Suppose 2*u + 3*u = -2550. Let s = -5 + -4. Is u/s*3/2 a prime number?
False
Let n be 1 - 4 - (-1 - -83). Let w = n - -182. Is w composite?
False
Let p = 21 - -8. Suppose -5*c + 7*h + 85 = 3*h, 3*c - p = -2*h. Let a = 56 + c. Is a composite?
True
Suppose -i + 105 = 4*i. Let y = i - 11. Suppose u - y = -2*h, 5*u + 13 = -h - 0*h. Is h composite?
False
Let n(u) = u**3 + 26*u**2 + 33*u + 19. Is n(-16) composite?
True
Is (-9)/(-12) + 2020/16 prime?
True
Let h = 120 + 145. Is h prime?
False
Let d(k) = k**3 - 7*k - 5. Is d(8) a composite number?
True
Suppose -10 + 2 = -2*p. Suppose 183 = -z - p*k, z - 5*k + 50 = -160. Is (z/9)/((-1)/3) a composite number?
True
Is (4 + 2)/(4/134) prime?
False
Let g(s) = 7*s + 4. Let r be g(5). Let b = r - 4. Is b a prime number?
False
Suppose -1194 = 4*c - 6*c. Suppose 2*w - w = c. Let f = w + -412. Is f prime?
False
Suppose 9*r = -r + 15430. Is r a composite number?
False
Suppose 0 = g + f - 57, -3*g + 0*g + 139 = -5*f. Is g a prime number?
True
Is -4 - (40/(-1) - -2) prime?
False
Suppose 0 = -11*b - 6*b + 58259. Is b prime?
False
Let r(w) = 143*w + 1. Let u(j) = 430*j + 3. Let b(o) = -8*r(o) + 3*u(o). Is b(2) composite?
False
Let v(a) = -a - 5. Let h be v(-5). Suppose h*j - 4*j = -52. Is j a prime number?
True
Is (-509)/(-4) - (-5)/(-20) a composite number?
False
Let f(n) = 2*n**2 + 2*n - 2. Let u be f(-2). Is u + 29*(-1 - -2) composite?
False
Suppose -3*v + 5825 + 1588 = 0. Is v a prime number?
False
Let g(k) = k**2 - 3*k - 3. Let w be g(-2). Suppose 1 = -2*n + w. Suppose 0 = 4*t - 4*a - 24, 3*t - t - n*a - 8 = 0. Is t a prime number?
False
Suppose 158 + 731 = d. Is d composite?
True
Let g(d) = 579*d + 8. Let q be g(-10). Is (-3)/2*q/21 composite?
True
Suppose -3*d - 74 = -2*o, 5*o = 3*d + 2*d + 185. Is o prime?
True
Is 1994 - (4/4)/1 prime?
True
Let c be 198/5 - 6/(-15). Suppose 4*h - c = 180. Is h composite?
True
Let w(l) = 11*l + 11. Suppose -4*s = 3*x - 5*x - 4, -5*s + 20 = 0. Is w(x) a composite number?
True
Let k be 1 - (-1)/(-2 + 3). Suppose -85 = -4*n + 179. Suppose 0*g - n = -k*g. Is g a prime number?
False
Let f(a) = -a**3 - 2*a**2 - 2*a. Let w be f(-2). Suppose w*m = 5*x + 551, 0*x = -5*m + 4*x + 682. Is 4/(-10) - m/(-10) a composite number?
False
Is 332 + (-1)/(-1) - 2 composite?
False
Suppose 0 = 7*k - 11*k + 8. Suppose -k*c + 38 = -36. Is c a prime number?
True
Suppose -37 = -3*p + 35. Suppose 0 = -2*h + 5*o - 0*o + p, -3*h + 18 = -3*o. Suppose -b = 2*b - 2*d - 63, 0 = 5*b - h*d - 101. Is b a composite number?
False
Let o = 6 - 2. Suppose 0 = 3*j - r - 1, 0 - 12 = 4*j - o*r. Suppose j*n = 4*n + q - 53, 0 = -n - 3*q + 29. Is n prime?
False
Let f(m) = -m**3 - 6*m**2 + 10*m + 9. Let t be f(-6). Suppose 6*g - 4*g = 32. Let d = g - t. Is d prime?
True
Let c be 9 + (0/(-3))/2. Suppose -j + c = 2*j. Suppose 2*z - j*s = 32, -3*s - 10 = -5*z + 52. Is z a composite number?
True
Suppose 0*d + 3*d - 2*z = 795, 5*d - 5*z - 1325 = 0. Suppose 0 = 2*p + 3*p - d. Is p prime?
True
Is 10158/4*(1 + 1/(-3)) a composite number?
False
Suppose 0 = 3*d - 31 - 2. Let k = 70 - d. Suppose -2*n + 51 + k = 0. Is n a prime number?
False
Suppose d - 743 = -2*x, -2*x + 4*x - 741 = d. Is x a composite number?
True
Suppose 4*f + 4*w + 60 = 0, -w + 63 = -4*f - 4*w. Let n = -12 - f. Suppose n*o = 3*o + 267. Is o prime?
True
Suppose p + 0*p = -6. Is 5/(-10) + (-681)/p a prime number?
True
Let g = -5 + 7. Let w be (-33 + g/(-2))*-1. Let q = w + -20. Is q composite?
True
Let s(i) be the first derivative of -i**3/6 + 67*i**2/2 + 2*i + 1. Let l(n) be the first derivative of s(n). Is l(0) a prime number?
True
Suppose -4*i = 16148 - 84456. Is i composite?
False
Let p(n) = -2*n - 6. Let s(u) = u**3 - 5*u**2 + 3*u - 1. Let x be s(4). Let h be p(x). Suppose -5*a + 4*r = -21 - 13, 20 = h*a - 5*r. Is a composite?
True
Suppose -8711 = -2*b - 489. Is b composite?
False
Suppose -4*r - 1 = -149. Suppose 3*p - 19 = 2*f, -5*p + 8 = -f - 12. Suppose 3*u - 185 = -5*x, p*u + 185 = 4*x + r. Is x a prime number?
True
Suppose 0 = 3*h - h - 10. Suppose -h*b = 2*k - 148, -k + 6*b = b - 59. Is k a prime number?
False
Let c = -282 + 761. Is c composite?
False
Let l = 116 - 25. Is l a composite number?
True
Let p(c) = 76*c**2 + 3*c - 2. Is p(3) a composite number?
False
Let m(q) = -q**2 + q + 19. Let t be m(0). Suppose -3*a + 44 + t = 0. Is a composite?
True
Suppose 3*b = 5 + 7. Suppose 2*m + 2 = -b*r, -5*m = -7 + 32. Is r/6 - 196/(-6) prime?
False
Suppose -34 = -4*d + 2*w, -2*d + 15 = -2*w - 7. Is (-1)/3 + 230/d a composite number?
True
Let k = -24 + 2. Let g be k/6*(-12)/(-2). Let c = 32 + g. Is c a prime number?
False
Let r(g) = 8*g**2 - 4*g + 1. Let o be r(4). Let h = o - -50. Let m = h - 94. Is m prime?
False
Let r(u) = -u**3 - 5*u**2 - 3*u - 1. Let w = -7 + 9. Suppose 4*p - h + 21 = 0, -p + 5*p + w*h = -30. Is r(p) a prime number?
True
Suppose -5*z - r + 2*r + 1598 = 0, 4*z - 3*r = 1285. Is z a prime number?
False
Is 14/10 - 1 - (-28079)/215 prime?
True
Let o be ((1 - 1) + -1)*-4. Suppose -o*y + 395 = -249. Is y a composite number?
True
Let n(v) = 1189*v - 22. Is n(5) a composite number?
False
Let j = 388 + -177. Is j a composite number?
False
Let p(m) = -3*m + 23. Let s(c) = -c + 8. Let a(k) = 6*p(k) - 17*s(k). Let i be a(0). Suppose 10 = i*g - 4. Is g a composite number?
False
Is (24590/(-25))/((-2)/5) composite?
False
Let t(q) = q**3 + 7*q**2 - 4*q + 3. Let y be t(-7). Let j be (24 - 7)/(1/y). Let m = j - 196. Is m prime?
True
Is ((-4)/(-1) - 3)/(1/1111) a composite number?
True
Let y = -275 + 657. Is y composite?
True
Is 1/(((-2)/(-27))/(12/18)) a composite number?
True
Is 2 + (-20 + 2)/(2/(-183)) a prime number?
False
Let m = 427 + -282. Is m composite?
True
Let q(a) = -a**2 + 3. Let b be q(3). Let s(v) = 15*v - 8. Let x be s(b). Let t = -45 - x. Is t prime?
True
Is (-4)/2*(-382)/4 a composite number?
False
Suppose -4*n - 10 = n. Let c(u) = -81*u - 1. Is c(n) prime?
False
Let x = 54 - 28. Is x composite?
True
Let b(x) = 8*x**2 + x + 1. Let w = -9 + 11. Is b(w) a composite number?
True
Let v be 26/7 + (-14)/(-49). Suppose 0 = -0*w + v*w - 12. Suppose 4*q + 5*u - 728 = 0, -2*q + 5*q + w*u - 549 = 0. Is q a composite number?
True
Let t(j) = -j**3 - j**2 + 59. Let s be t(0). Let b = s + -188. Let r = b - -182. Is r composite?
False
Suppose -6 = -2*d - 0. Suppose -d*b = -2*b + 4*k - 229, -986 = -4*b - 2*k. Is b a prime number?
False
Suppose 4*b = 291 + 313. Let d = -72 + b. Is d composite?
False
Let l(b) = -b + 2. Let t be l(-8). Suppose h + t = 3*h. Suppose -3*a + 5*a - h*r = 248, 5*a - r = 643. Is a composite?
True
Suppose 0 = -2*k + 8*k - 24. Suppose 59 = -k*z + 5*z. Is z composite?
False
Let d = -1913 + 1053. Is (-1)/(-3) - d/3 composite?
True
Let g = -145 - -84. Let i = -6 - g. Suppose 4*w + w - i = 0. Is w a prime number?
True
Suppose -3*p - 136 = -p - 4*y, 4*p - 4*y = -276. Is (1/(-1))/(2/p) a composite number?
True
Suppose 3*a - 2734 = -2*u, 3*u + 4*a - 4099 = -0*u. Is u composite?
False
Let w(o) = 13*o - 8*o + 4*o - 3 - 2. Is w(4) a prime number?
True
Suppose 0 = -8*c + 3*c - 185. Is 1/(-2)*2*c prime?
True
Let c(d) = -35*d - 7. Is c(-6) a prime number?
False
Is 18/(-8) - 18/24 - -56 a prime number?
True
L